{"id":141,"date":"2015-11-24T10:40:07","date_gmt":"2015-11-24T09:40:07","guid":{"rendered":"http:\/\/www.mag-prim.fr\/?page_id=141"},"modified":"2022-07-04T16:45:23","modified_gmt":"2022-07-04T15:45:23","slug":"les-offres-demploi","status":"publish","type":"page","link":"https:\/\/www.mag-prim.fr\/index.php\/les-offres-demploi\/","title":{"rendered":"Les offres d&#8217;emploi"},"content":{"rendered":"<p>[et_pb_section admin_label=\u00a0\u00bbSection\u00a0\u00bb fullwidth=\u00a0\u00bbon\u00a0\u00bb specialty=\u00a0\u00bboff\u00a0\u00bb background_image=\u00a0\u00bbhttp:\/\/www.mag-prim.fr\/wp-content\/uploads\/2015\/11\/orange.png\u00a0\u00bb transparent_background=\u00a0\u00bboff\u00a0\u00bb allow_player_pause=\u00a0\u00bboff\u00a0\u00bb inner_shadow=\u00a0\u00bbon\u00a0\u00bb parallax=\u00a0\u00bbon\u00a0\u00bb parallax_method=\u00a0\u00bboff\u00a0\u00bb padding_mobile=\u00a0\u00bboff\u00a0\u00bb make_fullwidth=\u00a0\u00bboff\u00a0\u00bb use_custom_width=\u00a0\u00bboff\u00a0\u00bb width_unit=\u00a0\u00bbon\u00a0\u00bb make_equal=\u00a0\u00bboff\u00a0\u00bb use_custom_gutter=\u00a0\u00bboff\u00a0\u00bb custom_css_main_element=\u00a0\u00bbheight:130px\u00a0\u00bb][\/et_pb_section][et_pb_section admin_label=\u00a0\u00bbsection\u00a0\u00bb][et_pb_row admin_label=\u00a0\u00bbrow\u00a0\u00bb][et_pb_column type=\u00a0\u00bb4_4&Prime;][et_pb_text admin_label=\u00a0\u00bbTexte\u00a0\u00bb background_layout=\u00a0\u00bblight\u00a0\u00bb text_orientation=\u00a0\u00bbleft\u00a0\u00bb use_border_color=\u00a0\u00bboff\u00a0\u00bb border_color=\u00a0\u00bb#ffffff\u00a0\u00bb border_style=\u00a0\u00bbsolid\u00a0\u00bb]<\/p>\n<p><strong>Envie d&rsquo;int\u00e9grer notre\u00a0entreprise ?<\/strong><\/p>\n<p>D\u00e9couvrez ci-dessous les offres d&#8217;emploi disponibles pour la soci\u00e9t\u00e9 Mag-Fruits ainsi que pour les autres entit\u00e9s du groupe.<\/p>\n<p>Pour postuler directement en ligne, pr\u00e9parez votre CV et faites-nous parvenir vos motivations via le <a href=\"http:\/\/www.mag-prim.fr\/index.php\/nous-rejoindre\/postuler-en-ligne\/\" target=\"_blank\" rel=\"noopener\">formulaire.<\/a><\/p>\n<p>[\/et_pb_text][et_pb_text admin_label=\u00a0\u00bbTexte\u00a0\u00bb background_layout=\u00a0\u00bblight\u00a0\u00bb text_orientation=\u00a0\u00bbleft\u00a0\u00bb use_border_color=\u00a0\u00bboff\u00a0\u00bb border_color=\u00a0\u00bb#ffffff\u00a0\u00bb border_style=\u00a0\u00bbsolid\u00a0\u00bb text_font_size=\u00a0\u00bb20&Prime;]<\/p>\n<p style=\"text-align: center;\"><strong>LES OFFRES D&rsquo;EMPLOI MAG-PRIM<\/strong><\/p>\n<p>[\/et_pb_text][et_pb_toggle admin_label=\u00a0\u00bbBascule\u00a0\u00bb title=\u00a0\u00bbChauffeur(se) PL \/ SPL\u00a0\u00bb open=\u00a0\u00bboff\u00a0\u00bb use_border_color=\u00a0\u00bboff\u00a0\u00bb border_color=\u00a0\u00bb#ffffff\u00a0\u00bb border_style=\u00a0\u00bbsolid\u00a0\u00bb]<\/p>\n<p>La soci\u00e9t\u00e9 <strong>TBM LOGISTIQUE<\/strong> sp\u00e9cialis\u00e9e dans le secteur d\u2019activit\u00e9 des <strong>transports routiers<\/strong> de marchandises recherche<\/p>\n<ul>\n<li><strong>Un(e) Chauffeur (se) PL et\/ou SPL<\/strong><\/li>\n<\/ul>\n<p>Le d\u00e9part s\u2019effectuera sur le site de <strong>MAG PRIM <\/strong>situ\u00e9 \u00e0 VERT SAINT DENIS.<\/p>\n<p>Vos\u00a0missions :<\/p>\n<ul>\n<li>Le chargement du camion<\/li>\n<li>Le d\u00e9chargement du camion<\/li>\n<li>La livraison chez les client<\/li>\n<\/ul>\n<p>-&gt; Poste \u00e0 pourvoir de suite<\/p>\n<p>Vous souhaitez rejoindre une \u00e9quipe dynamique\u00a0? Envoyez votre CV ainsi que votre lettre de motivation \u00e0\u00a0l\u2019attention de Mme COSTA Adeline.<\/p>\n<p style=\"text-align: center;\"><a href='http:\/\/www.mag-prim.fr\/index.php\/candidature-en-ligne\/' class='big-button biggreen' target=\"_blank\">Je postule<\/a> [\/et_pb_toggle][et_pb_divider admin_label=\u00a0\u00bbS\u00e9parateur\u00a0\u00bb color=\u00a0\u00bb#ffffff\u00a0\u00bb show_divider=\u00a0\u00bboff\u00a0\u00bb divider_style=\u00a0\u00bbsolid\u00a0\u00bb divider_position=\u00a0\u00bbtop\u00a0\u00bb hide_on_mobile=\u00a0\u00bbon\u00a0\u00bb] [\/et_pb_divider][\/et_pb_column][\/et_pb_row][et_pb_row admin_label=\u00a0\u00bbLigne\u00a0\u00bb][et_pb_column type=\u00a0\u00bb1_2&Prime;][\/et_pb_column][et_pb_column type=\u00a0\u00bb1_2&Prime;][et_pb_cta admin_label=\u00a0\u00bbAppel d&rsquo;action\u00a0\u00bb button_url=\u00a0\u00bbhttp:\/\/www.mag-prim.fr\/index.php\/candidature-en-ligne\/\u00a0\u00bb url_new_window=\u00a0\u00bboff\u00a0\u00bb button_text=\u00a0\u00bbPostuler en ligne\u00a0\u00bb use_background_color=\u00a0\u00bboff\u00a0\u00bb background_color=\u00a0\u00bb#783092&Prime; background_layout=\u00a0\u00bblight\u00a0\u00bb text_orientation=\u00a0\u00bbright\u00a0\u00bb use_border_color=\u00a0\u00bboff\u00a0\u00bb border_color=\u00a0\u00bb#ffffff\u00a0\u00bb border_style=\u00a0\u00bbsolid\u00a0\u00bb custom_button=\u00a0\u00bboff\u00a0\u00bb button_letter_spacing=\u00a0\u00bb0&Prime; button_use_icon=\u00a0\u00bbdefault\u00a0\u00bb button_icon_placement=\u00a0\u00bbright\u00a0\u00bb button_on_hover=\u00a0\u00bbon\u00a0\u00bb button_letter_spacing_hover=\u00a0\u00bb0&Prime;] [\/et_pb_cta][\/et_pb_column][\/et_pb_row][\/et_pb_section][et_pb_section admin_label=\u00a0\u00bbSection\u00a0\u00bb fullwidth=\u00a0\u00bbon\u00a0\u00bb specialty=\u00a0\u00bboff\u00a0\u00bb background_image=\u00a0\u00bbhttp:\/\/www.mag-prim.fr\/wp-content\/uploads\/2015\/11\/orange.png\u00a0\u00bb transparent_background=\u00a0\u00bboff\u00a0\u00bb allow_player_pause=\u00a0\u00bboff\u00a0\u00bb inner_shadow=\u00a0\u00bbon\u00a0\u00bb parallax=\u00a0\u00bbon\u00a0\u00bb parallax_method=\u00a0\u00bboff\u00a0\u00bb padding_mobile=\u00a0\u00bboff\u00a0\u00bb make_fullwidth=\u00a0\u00bboff\u00a0\u00bb use_custom_width=\u00a0\u00bboff\u00a0\u00bb width_unit=\u00a0\u00bbon\u00a0\u00bb make_equal=\u00a0\u00bboff\u00a0\u00bb use_custom_gutter=\u00a0\u00bboff\u00a0\u00bb custom_css_main_element=\u00a0\u00bbheight:130px\u00a0\u00bb][\/et_pb_section]<\/p>\n","protected":false},"excerpt":{"rendered":"<p>Envie d&rsquo;int\u00e9grer notre\u00a0entreprise ? D\u00e9couvrez ci-dessous les offres d&#8217;emploi disponibles pour la soci\u00e9t\u00e9 Mag-Fruits ainsi que pour les autres entit\u00e9s du groupe. Pour postuler directement en ligne, pr\u00e9parez votre CV et faites-nous parvenir vos motivations via le formulaire. LES OFFRES D&rsquo;EMPLOI MAG-PRIM La soci\u00e9t\u00e9 TBM LOGISTIQUE sp\u00e9cialis\u00e9e dans le secteur d\u2019activit\u00e9 des transports routiers de [&hellip;]<\/p>\n","protected":false},"author":1,"featured_media":0,"parent":0,"menu_order":0,"comment_status":"closed","ping_status":"closed","template":"","meta":{"_et_pb_use_builder":"on","_et_pb_old_content":"","_et_gb_content_width":""},"yoast_head":"<!-- This site is optimized with the Yoast SEO plugin v18.6 - https:\/\/yoast.com\/wordpress\/plugins\/seo\/ -->\n<title>Les offres d&#039;emploi | Mag-Prim - Au c\u0153ur du frais<\/title>\n<meta name=\"description\" content=\"Consultez toutes les offres d&#039;emploi disponibles pour la soci\u00e9t\u00e9 Mag-Prim ainsi que pour l&#039;ensemble du groupe. Mag-Prim, au c\u0153ur du frais !\" \/>\n<meta name=\"robots\" content=\"index, follow, max-snippet:-1, max-image-preview:large, max-video-preview:-1\" \/>\n<link rel=\"canonical\" href=\"http:\/\/www.mag-fruits.fr\/index.php\/les-offres-demploi\/\" \/>\n<meta property=\"og:locale\" content=\"fr_FR\" \/>\n<meta property=\"og:type\" content=\"article\" \/>\n<meta property=\"og:title\" content=\"Les offres d&#039;emploi | Mag-Prim - Au c\u0153ur du frais\" \/>\n<meta property=\"og:description\" content=\"Consultez toutes les offres d&#039;emploi disponibles pour la soci\u00e9t\u00e9 Mag-Prim ainsi que pour l&#039;ensemble du groupe. Mag-Prim, au c\u0153ur du frais !\" \/>\n<meta property=\"og:url\" content=\"http:\/\/www.mag-fruits.fr\/index.php\/les-offres-demploi\/\" \/>\n<meta property=\"og:site_name\" content=\"Mag-Prim\" \/>\n<meta property=\"article:modified_time\" content=\"2022-07-04T15:45:23+00:00\" \/>\n<meta name=\"twitter:card\" content=\"summary\" \/>\n<meta name=\"twitter:label1\" content=\"Dur\u00e9e de lecture estim\u00e9e\" \/>\n\t<meta name=\"twitter:data1\" content=\"2 minutes\" \/>\n<script type=\"application\/ld+json\" class=\"yoast-schema-graph\">{\"@context\":\"https:\/\/schema.org\",\"@graph\":[{\"@type\":\"WebSite\",\"@id\":\"http:\/\/www.mag-prim.fr\/#website\",\"url\":\"http:\/\/www.mag-prim.fr\/\",\"name\":\"Mag-Prim\",\"description\":\"Au coeur du frais\",\"potentialAction\":[{\"@type\":\"SearchAction\",\"target\":{\"@type\":\"EntryPoint\",\"urlTemplate\":\"http:\/\/www.mag-prim.fr\/?s={search_term_string}\"},\"query-input\":\"required name=search_term_string\"}],\"inLanguage\":\"fr-FR\"},{\"@type\":\"WebPage\",\"@id\":\"http:\/\/www.mag-fruits.fr\/index.php\/les-offres-demploi\/#webpage\",\"url\":\"http:\/\/www.mag-fruits.fr\/index.php\/les-offres-demploi\/\",\"name\":\"Les offres d'emploi | Mag-Prim - Au c\u0153ur du frais\",\"isPartOf\":{\"@id\":\"http:\/\/www.mag-prim.fr\/#website\"},\"datePublished\":\"2015-11-24T09:40:07+00:00\",\"dateModified\":\"2022-07-04T15:45:23+00:00\",\"description\":\"Consultez toutes les offres d'emploi disponibles pour la soci\u00e9t\u00e9 Mag-Prim ainsi que pour l'ensemble du groupe. Mag-Prim, au c\u0153ur du frais !\",\"breadcrumb\":{\"@id\":\"http:\/\/www.mag-fruits.fr\/index.php\/les-offres-demploi\/#breadcrumb\"},\"inLanguage\":\"fr-FR\",\"potentialAction\":[{\"@type\":\"ReadAction\",\"target\":[\"http:\/\/www.mag-fruits.fr\/index.php\/les-offres-demploi\/\"]}]},{\"@type\":\"BreadcrumbList\",\"@id\":\"http:\/\/www.mag-fruits.fr\/index.php\/les-offres-demploi\/#breadcrumb\",\"itemListElement\":[{\"@type\":\"ListItem\",\"position\":1,\"name\":\"Accueil\",\"item\":\"http:\/\/www.mag-prim.fr\/\"},{\"@type\":\"ListItem\",\"position\":2,\"name\":\"Les offres d&#8217;emploi\"}]}]}<\/script>\n<!-- \/ Yoast SEO plugin. -->","yoast_head_json":{"title":"Les offres d'emploi | Mag-Prim - Au c\u0153ur du frais","description":"Consultez toutes les offres d'emploi disponibles pour la soci\u00e9t\u00e9 Mag-Prim ainsi que pour l'ensemble du groupe. Mag-Prim, au c\u0153ur du frais !","robots":{"index":"index","follow":"follow","max-snippet":"max-snippet:-1","max-image-preview":"max-image-preview:large","max-video-preview":"max-video-preview:-1"},"canonical":"http:\/\/www.mag-fruits.fr\/index.php\/les-offres-demploi\/","og_locale":"fr_FR","og_type":"article","og_title":"Les offres d'emploi | Mag-Prim - Au c\u0153ur du frais","og_description":"Consultez toutes les offres d'emploi disponibles pour la soci\u00e9t\u00e9 Mag-Prim ainsi que pour l'ensemble du groupe. Mag-Prim, au c\u0153ur du frais !","og_url":"http:\/\/www.mag-fruits.fr\/index.php\/les-offres-demploi\/","og_site_name":"Mag-Prim","article_modified_time":"2022-07-04T15:45:23+00:00","twitter_card":"summary","twitter_misc":{"Dur\u00e9e de lecture estim\u00e9e":"2 minutes"},"schema":{"@context":"https:\/\/schema.org","@graph":[{"@type":"WebSite","@id":"http:\/\/www.mag-prim.fr\/#website","url":"http:\/\/www.mag-prim.fr\/","name":"Mag-Prim","description":"Au coeur du frais","potentialAction":[{"@type":"SearchAction","target":{"@type":"EntryPoint","urlTemplate":"http:\/\/www.mag-prim.fr\/?s={search_term_string}"},"query-input":"required name=search_term_string"}],"inLanguage":"fr-FR"},{"@type":"WebPage","@id":"http:\/\/www.mag-fruits.fr\/index.php\/les-offres-demploi\/#webpage","url":"http:\/\/www.mag-fruits.fr\/index.php\/les-offres-demploi\/","name":"Les offres d'emploi | Mag-Prim - Au c\u0153ur du frais","isPartOf":{"@id":"http:\/\/www.mag-prim.fr\/#website"},"datePublished":"2015-11-24T09:40:07+00:00","dateModified":"2022-07-04T15:45:23+00:00","description":"Consultez toutes les offres d'emploi disponibles pour la soci\u00e9t\u00e9 Mag-Prim ainsi que pour l'ensemble du groupe. Mag-Prim, au c\u0153ur du frais !","breadcrumb":{"@id":"http:\/\/www.mag-fruits.fr\/index.php\/les-offres-demploi\/#breadcrumb"},"inLanguage":"fr-FR","potentialAction":[{"@type":"ReadAction","target":["http:\/\/www.mag-fruits.fr\/index.php\/les-offres-demploi\/"]}]},{"@type":"BreadcrumbList","@id":"http:\/\/www.mag-fruits.fr\/index.php\/les-offres-demploi\/#breadcrumb","itemListElement":[{"@type":"ListItem","position":1,"name":"Accueil","item":"http:\/\/www.mag-prim.fr\/"},{"@type":"ListItem","position":2,"name":"Les offres d&#8217;emploi"}]}]}},"_links":{"self":[{"href":"https:\/\/www.mag-prim.fr\/index.php\/wp-json\/wp\/v2\/pages\/141"}],"collection":[{"href":"https:\/\/www.mag-prim.fr\/index.php\/wp-json\/wp\/v2\/pages"}],"about":[{"href":"https:\/\/www.mag-prim.fr\/index.php\/wp-json\/wp\/v2\/types\/page"}],"author":[{"embeddable":true,"href":"https:\/\/www.mag-prim.fr\/index.php\/wp-json\/wp\/v2\/users\/1"}],"replies":[{"embeddable":true,"href":"https:\/\/www.mag-prim.fr\/index.php\/wp-json\/wp\/v2\/comments?post=141"}],"version-history":[{"count":55,"href":"https:\/\/www.mag-prim.fr\/index.php\/wp-json\/wp\/v2\/pages\/141\/revisions"}],"predecessor-version":[{"id":1136,"href":"https:\/\/www.mag-prim.fr\/index.php\/wp-json\/wp\/v2\/pages\/141\/revisions\/1136"}],"wp:attachment":[{"href":"https:\/\/www.mag-prim.fr\/index.php\/wp-json\/wp\/v2\/media?parent=141"}],"curies":[{"name":"wp","href":"https:\/\/api.w.org\/{rel}","templated":true}]}}