{"id":111,"date":"2015-11-24T10:24:42","date_gmt":"2015-11-24T09:24:42","guid":{"rendered":"http:\/\/www.mag-prim.fr\/?page_id=111"},"modified":"2016-07-19T11:01:16","modified_gmt":"2016-07-19T10:01:16","slug":"accompagnement-au-coeur-du-frais","status":"publish","type":"page","link":"https:\/\/www.mag-prim.fr\/index.php\/accompagnement-au-coeur-du-frais\/","title":{"rendered":"Accompagnement au c\u0153ur du frais"},"content":{"rendered":"<p>[et_pb_section admin_label=\u00a0\u00bbSection\u00a0\u00bb fullwidth=\u00a0\u00bbon\u00a0\u00bb specialty=\u00a0\u00bboff\u00a0\u00bb background_image=\u00a0\u00bbhttp:\/\/www.mag-prim.fr\/wp-content\/uploads\/2015\/11\/Pomme-1.jpg\u00a0\u00bb transparent_background=\u00a0\u00bboff\u00a0\u00bb allow_player_pause=\u00a0\u00bboff\u00a0\u00bb inner_shadow=\u00a0\u00bboff\u00a0\u00bb parallax=\u00a0\u00bbon\u00a0\u00bb parallax_method=\u00a0\u00bboff\u00a0\u00bb padding_mobile=\u00a0\u00bboff\u00a0\u00bb make_fullwidth=\u00a0\u00bboff\u00a0\u00bb use_custom_width=\u00a0\u00bboff\u00a0\u00bb width_unit=\u00a0\u00bbon\u00a0\u00bb make_equal=\u00a0\u00bboff\u00a0\u00bb use_custom_gutter=\u00a0\u00bboff\u00a0\u00bb custom_css_main_element=\u00a0\u00bbheight:150px\u00a0\u00bb][\/et_pb_section][et_pb_section admin_label=\u00a0\u00bbsection\u00a0\u00bb][et_pb_row admin_label=\u00a0\u00bbLigne\u00a0\u00bb][et_pb_column type=\u00a0\u00bb4_4&Prime;][et_pb_text admin_label=\u00a0\u00bbTexte\u00a0\u00bb background_layout=\u00a0\u00bblight\u00a0\u00bb text_orientation=\u00a0\u00bbleft\u00a0\u00bb use_border_color=\u00a0\u00bboff\u00a0\u00bb border_color=\u00a0\u00bb#ffffff\u00a0\u00bb border_style=\u00a0\u00bbsolid\u00a0\u00bb]<\/p>\n<h1>Un accompagnement au c\u0153ur du frais !<\/h1>\n<p>[\/et_pb_text][et_pb_text admin_label=\u00a0\u00bbTexte\u00a0\u00bb background_layout=\u00a0\u00bblight\u00a0\u00bb text_orientation=\u00a0\u00bbleft\u00a0\u00bb use_border_color=\u00a0\u00bboff\u00a0\u00bb border_color=\u00a0\u00bb#ffffff\u00a0\u00bb border_style=\u00a0\u00bbsolid\u00a0\u00bb]<\/p>\n<p style=\"text-align: justify;\">Mag-Prim s&rsquo;investie au quotidien pour la<strong> satisfaction de ses clients<\/strong>. Nos collaborateurs ont une parfaite<strong> connaissance des produits<\/strong> pr\u00e9sents dans l&rsquo;entrep\u00f4t ce qui leur permet de vous proposer le produit correspondant le mieux \u00e0 vos besoins. Ainsi, ils vous guident au quotidien sur la <strong>saisonnalit\u00e9 des fruits et l\u00e9gumes<\/strong> et vous apportent un <strong>conseil personnalis\u00e9<\/strong> : grammage, maturit\u00e9, conditionnement, calibre, vari\u00e9t\u00e9&#8230;<\/p>\n<p style=\"text-align: justify;\">Parce que chaque m\u00e9tier est unique, un<strong> interlocuteur<\/strong> vous est <strong>d\u00e9di\u00e9<\/strong> pour vous <strong>accompagner<\/strong> dans le choix de vos produits. En veille constante, il vous informe des <strong>tendances du march\u00e9<\/strong> et vous propose les<strong> produits les plus adapt\u00e9s<\/strong>.<\/p>\n<p style=\"text-align: justify;\">Chaque ann\u00e9e, en plus de l&rsquo;\u00e9coute de notre \u00e9quipe, des <strong>enqu\u00eates de satisfaction<\/strong> sont r\u00e9alis\u00e9es afin de toujours <strong>am\u00e9liorer notre qualit\u00e9 de service<\/strong>.<\/p>\n<p>[\/et_pb_text][et_pb_cta admin_label=\u00a0\u00bbAppel d&rsquo;action\u00a0\u00bb url_new_window=\u00a0\u00bbon\u00a0\u00bb button_text=\u00a0\u00bbJe souhaite \u00eatre rappel\u00e9 par un commercial\u00a0\u00bb use_background_color=\u00a0\u00bboff\u00a0\u00bb background_color=\u00a0\u00bb#783092&Prime; background_layout=\u00a0\u00bblight\u00a0\u00bb text_orientation=\u00a0\u00bbright\u00a0\u00bb use_border_color=\u00a0\u00bboff\u00a0\u00bb border_color=\u00a0\u00bb#ffffff\u00a0\u00bb border_style=\u00a0\u00bbsolid\u00a0\u00bb custom_button=\u00a0\u00bboff\u00a0\u00bb button_letter_spacing=\u00a0\u00bb0&Prime; button_use_icon=\u00a0\u00bbdefault\u00a0\u00bb button_icon_placement=\u00a0\u00bbright\u00a0\u00bb button_on_hover=\u00a0\u00bbon\u00a0\u00bb button_letter_spacing_hover=\u00a0\u00bb0&Prime; button_url=\u00a0\u00bbhttp:\/\/www.mag-prim.fr\/index.php\/demande-de-rappel\/\u00a0\u00bb] [\/et_pb_cta][\/et_pb_column][\/et_pb_row][\/et_pb_section][et_pb_section admin_label=\u00a0\u00bbSection\u00a0\u00bb fullwidth=\u00a0\u00bbon\u00a0\u00bb specialty=\u00a0\u00bboff\u00a0\u00bb background_image=\u00a0\u00bbhttp:\/\/www.mag-prim.fr\/wp-content\/uploads\/2015\/11\/Pomme-1.jpg\u00a0\u00bb transparent_background=\u00a0\u00bboff\u00a0\u00bb allow_player_pause=\u00a0\u00bboff\u00a0\u00bb inner_shadow=\u00a0\u00bboff\u00a0\u00bb parallax=\u00a0\u00bbon\u00a0\u00bb parallax_method=\u00a0\u00bboff\u00a0\u00bb padding_mobile=\u00a0\u00bboff\u00a0\u00bb make_fullwidth=\u00a0\u00bboff\u00a0\u00bb use_custom_width=\u00a0\u00bboff\u00a0\u00bb width_unit=\u00a0\u00bbon\u00a0\u00bb make_equal=\u00a0\u00bboff\u00a0\u00bb use_custom_gutter=\u00a0\u00bboff\u00a0\u00bb custom_css_main_element=\u00a0\u00bbheight:150px\u00a0\u00bb][\/et_pb_section]<\/p>\n","protected":false},"excerpt":{"rendered":"<p>Un accompagnement au c\u0153ur du frais ! Mag-Prim s&rsquo;investie au quotidien pour la satisfaction de ses clients. Nos collaborateurs ont une parfaite connaissance des produits pr\u00e9sents dans l&rsquo;entrep\u00f4t ce qui leur permet de vous proposer le produit correspondant le mieux \u00e0 vos besoins. Ainsi, ils vous guident au quotidien sur la saisonnalit\u00e9 des fruits et [&hellip;]<\/p>\n","protected":false},"author":1,"featured_media":0,"parent":0,"menu_order":0,"comment_status":"closed","ping_status":"closed","template":"","meta":{"_et_pb_use_builder":"on","_et_pb_old_content":"","_et_gb_content_width":""},"yoast_head":"<!-- This site is optimized with the Yoast SEO plugin v18.6 - https:\/\/yoast.com\/wordpress\/plugins\/seo\/ -->\n<title>Accompagnement au coeur du frais | Mag-Prim<\/title>\n<meta name=\"description\" content=\"Chaque jour, Mag-Prim c&#039;est un accompagnement personnalis\u00e9 : saisonnalit\u00e9, vari\u00e9t\u00e9s... des conseils adapt\u00e9s \u00e0 vos besoins pour un produit plus frais !\" \/>\n<meta name=\"robots\" content=\"index, follow, max-snippet:-1, max-image-preview:large, max-video-preview:-1\" \/>\n<link rel=\"canonical\" href=\"http:\/\/www.mag-fruits.fr\/index.php\/accompagnement-au-coeur-du-frais\/\" \/>\n<meta property=\"og:locale\" content=\"fr_FR\" \/>\n<meta property=\"og:type\" content=\"article\" \/>\n<meta property=\"og:title\" content=\"Accompagnement au coeur du frais | Mag-Prim\" \/>\n<meta property=\"og:description\" content=\"Chaque jour, Mag-Prim c&#039;est un accompagnement personnalis\u00e9 : saisonnalit\u00e9, vari\u00e9t\u00e9s... des conseils adapt\u00e9s \u00e0 vos besoins pour un produit plus frais !\" \/>\n<meta property=\"og:url\" content=\"http:\/\/www.mag-fruits.fr\/index.php\/accompagnement-au-coeur-du-frais\/\" \/>\n<meta property=\"og:site_name\" content=\"Mag-Prim\" \/>\n<meta property=\"article:modified_time\" content=\"2016-07-19T10:01:16+00:00\" \/>\n<meta name=\"twitter:card\" content=\"summary\" \/>\n<meta name=\"twitter:label1\" content=\"Dur\u00e9e de lecture estim\u00e9e\" \/>\n\t<meta name=\"twitter:data1\" content=\"2 minutes\" \/>\n<script type=\"application\/ld+json\" class=\"yoast-schema-graph\">{\"@context\":\"https:\/\/schema.org\",\"@graph\":[{\"@type\":\"WebSite\",\"@id\":\"http:\/\/www.mag-prim.fr\/#website\",\"url\":\"http:\/\/www.mag-prim.fr\/\",\"name\":\"Mag-Prim\",\"description\":\"Au coeur du frais\",\"potentialAction\":[{\"@type\":\"SearchAction\",\"target\":{\"@type\":\"EntryPoint\",\"urlTemplate\":\"http:\/\/www.mag-prim.fr\/?s={search_term_string}\"},\"query-input\":\"required name=search_term_string\"}],\"inLanguage\":\"fr-FR\"},{\"@type\":\"WebPage\",\"@id\":\"http:\/\/www.mag-fruits.fr\/index.php\/accompagnement-au-coeur-du-frais\/#webpage\",\"url\":\"http:\/\/www.mag-fruits.fr\/index.php\/accompagnement-au-coeur-du-frais\/\",\"name\":\"Accompagnement au coeur du frais | Mag-Prim\",\"isPartOf\":{\"@id\":\"http:\/\/www.mag-prim.fr\/#website\"},\"datePublished\":\"2015-11-24T09:24:42+00:00\",\"dateModified\":\"2016-07-19T10:01:16+00:00\",\"description\":\"Chaque jour, Mag-Prim c'est un accompagnement personnalis\u00e9 : saisonnalit\u00e9, vari\u00e9t\u00e9s... des conseils adapt\u00e9s \u00e0 vos besoins pour un produit plus frais !\",\"breadcrumb\":{\"@id\":\"http:\/\/www.mag-fruits.fr\/index.php\/accompagnement-au-coeur-du-frais\/#breadcrumb\"},\"inLanguage\":\"fr-FR\",\"potentialAction\":[{\"@type\":\"ReadAction\",\"target\":[\"http:\/\/www.mag-fruits.fr\/index.php\/accompagnement-au-coeur-du-frais\/\"]}]},{\"@type\":\"BreadcrumbList\",\"@id\":\"http:\/\/www.mag-fruits.fr\/index.php\/accompagnement-au-coeur-du-frais\/#breadcrumb\",\"itemListElement\":[{\"@type\":\"ListItem\",\"position\":1,\"name\":\"Accueil\",\"item\":\"http:\/\/www.mag-prim.fr\/\"},{\"@type\":\"ListItem\",\"position\":2,\"name\":\"Accompagnement au c\u0153ur du frais\"}]}]}<\/script>\n<!-- \/ Yoast SEO plugin. -->","yoast_head_json":{"title":"Accompagnement au coeur du frais | Mag-Prim","description":"Chaque jour, Mag-Prim c'est un accompagnement personnalis\u00e9 : saisonnalit\u00e9, vari\u00e9t\u00e9s... des conseils adapt\u00e9s \u00e0 vos besoins pour un produit plus frais !","robots":{"index":"index","follow":"follow","max-snippet":"max-snippet:-1","max-image-preview":"max-image-preview:large","max-video-preview":"max-video-preview:-1"},"canonical":"http:\/\/www.mag-fruits.fr\/index.php\/accompagnement-au-coeur-du-frais\/","og_locale":"fr_FR","og_type":"article","og_title":"Accompagnement au coeur du frais | Mag-Prim","og_description":"Chaque jour, Mag-Prim c'est un accompagnement personnalis\u00e9 : saisonnalit\u00e9, vari\u00e9t\u00e9s... des conseils adapt\u00e9s \u00e0 vos besoins pour un produit plus frais !","og_url":"http:\/\/www.mag-fruits.fr\/index.php\/accompagnement-au-coeur-du-frais\/","og_site_name":"Mag-Prim","article_modified_time":"2016-07-19T10:01:16+00:00","twitter_card":"summary","twitter_misc":{"Dur\u00e9e de lecture estim\u00e9e":"2 minutes"},"schema":{"@context":"https:\/\/schema.org","@graph":[{"@type":"WebSite","@id":"http:\/\/www.mag-prim.fr\/#website","url":"http:\/\/www.mag-prim.fr\/","name":"Mag-Prim","description":"Au coeur du frais","potentialAction":[{"@type":"SearchAction","target":{"@type":"EntryPoint","urlTemplate":"http:\/\/www.mag-prim.fr\/?s={search_term_string}"},"query-input":"required name=search_term_string"}],"inLanguage":"fr-FR"},{"@type":"WebPage","@id":"http:\/\/www.mag-fruits.fr\/index.php\/accompagnement-au-coeur-du-frais\/#webpage","url":"http:\/\/www.mag-fruits.fr\/index.php\/accompagnement-au-coeur-du-frais\/","name":"Accompagnement au coeur du frais | Mag-Prim","isPartOf":{"@id":"http:\/\/www.mag-prim.fr\/#website"},"datePublished":"2015-11-24T09:24:42+00:00","dateModified":"2016-07-19T10:01:16+00:00","description":"Chaque jour, Mag-Prim c'est un accompagnement personnalis\u00e9 : saisonnalit\u00e9, vari\u00e9t\u00e9s... des conseils adapt\u00e9s \u00e0 vos besoins pour un produit plus frais !","breadcrumb":{"@id":"http:\/\/www.mag-fruits.fr\/index.php\/accompagnement-au-coeur-du-frais\/#breadcrumb"},"inLanguage":"fr-FR","potentialAction":[{"@type":"ReadAction","target":["http:\/\/www.mag-fruits.fr\/index.php\/accompagnement-au-coeur-du-frais\/"]}]},{"@type":"BreadcrumbList","@id":"http:\/\/www.mag-fruits.fr\/index.php\/accompagnement-au-coeur-du-frais\/#breadcrumb","itemListElement":[{"@type":"ListItem","position":1,"name":"Accueil","item":"http:\/\/www.mag-prim.fr\/"},{"@type":"ListItem","position":2,"name":"Accompagnement au c\u0153ur du frais"}]}]}},"_links":{"self":[{"href":"https:\/\/www.mag-prim.fr\/index.php\/wp-json\/wp\/v2\/pages\/111"}],"collection":[{"href":"https:\/\/www.mag-prim.fr\/index.php\/wp-json\/wp\/v2\/pages"}],"about":[{"href":"https:\/\/www.mag-prim.fr\/index.php\/wp-json\/wp\/v2\/types\/page"}],"author":[{"embeddable":true,"href":"https:\/\/www.mag-prim.fr\/index.php\/wp-json\/wp\/v2\/users\/1"}],"replies":[{"embeddable":true,"href":"https:\/\/www.mag-prim.fr\/index.php\/wp-json\/wp\/v2\/comments?post=111"}],"version-history":[{"count":21,"href":"https:\/\/www.mag-prim.fr\/index.php\/wp-json\/wp\/v2\/pages\/111\/revisions"}],"predecessor-version":[{"id":991,"href":"https:\/\/www.mag-prim.fr\/index.php\/wp-json\/wp\/v2\/pages\/111\/revisions\/991"}],"wp:attachment":[{"href":"https:\/\/www.mag-prim.fr\/index.php\/wp-json\/wp\/v2\/media?parent=111"}],"curies":[{"name":"wp","href":"https:\/\/api.w.org\/{rel}","templated":true}]}}